 388 + 1167 - 389. Let s(r) = -3*o(r) - z(r). Give s(3).
6
Let t(a) = -199*a**2 + 80*a**2 - 28*a - 9 + 116*a**2. What is t(-9)?
0
Let i be 1/(20/(-5)) + 2793/(-12). Let u = 227 + i. Let k(d) = -3*d - 16. Let x(q) = q + 5. Let n(b) = -3*k(b) - 8*x(b). Calculate n(u).
2
Let n = 78 + -72. Let c(q) = q**2 - 9*q + 2. What is c(n)?
-16
Let b(r) be the second derivative of 7*r**3/6 - 3*r**2/2 + 13*r. Let f(i) = -2*i + 0*i - 3 + 8*i. Let p(o) = -4*b(o) + 5*f(o). Calculate p(3).
3
Let w be (-6)/(-14) - (276/(-42) - -4). Let h be (w + -4 - -2)*(-15)/5. Let n(l) = l + 3. Let x(j) = -2*j - 6. Let g(t) = -5*n(t) - 3*x(t). Give g(h).
0
Suppose c - 292 = -3*c. Let v = -65 + c. Let n(j) = j**3 - 8*j**2 - 1. Give n(v).
-1
Let u(m) = -m - 4. Let r be (3 - 4)*(3 - 3). Let f be u(r). Let y(c) = c**2 + 10*c + 6. Let j(q) = -q**2 - 11*q - 7. Let x(b) = -4*j(b) - 5*y(b). Give x(f).
6
Let k(v) = 2*v**2 + 8*v - 5 - v + 10. Let g be ((-390)/(-312))/(1/(-4)). Determine k(g).
20
Suppose 9 - 19 = -2*j. Let f(c) = -15*c**3 + 16*c**3 + 4*c - j*c. Calculate f(0).
0
Let s(v) = 5*v**3 - 7*v**2 - 15*v + 8. Let g(u) = -4*u**3 + 7*u**2 + 13*u - 8. Let q(c) = -6*g(c) - 5*s(c). Suppose -29 = 5*o + 1. Give q(o).
-10
Let y(h) be the first derivative of h**2 - 31*h - 17. Give y(17).
3
Let m(s) be the third derivative of s**5/60 - s**4/24 + s**3/3 + 432*s**2. What is m(-5)?
32
Let p(b) = 6*b**2 - b. Suppose 4*z + 4*v = -0*v - 12, -v - 3 = -2*z. Suppose 2*a - 3 = -z*d - d, -d = 5*a - 6. Calculate p(a).
5
Suppose -3*h = -4*a - 8, 3*a + 34 = 3*h + 28. Let l(x) = 11*x + 1. Calculate l(a).
-21
Suppose -2*r + 3*v = 1, 0 + 5 = v. Let h be (-2)/(-8) + (-21)/(-12). Let z(c) = -c**2 + h + r + 5*c - 7. Give z(4).
6
Let o(x) = -x**2 - 1. Let b(s) = 6*s**2 + 6*s + 10. Let t(w) = -b(w) - 5*o(w). What is t(-6)?
-5
Let d = -220 - -220. Let w(u) = -2*u + 30. Give w(d).
30
Let o be (69/46)/((-2)/(-4)). Let u(d) = -2*d + 14*d**2 - 9*d**2 - d**o + 0*d + 1 - 2*d. Calculate u(4).
1
Let s(u) be the second derivative of u**6/120 - u**5/30 + u**2/2 + 2*u. Let k(w) be the first derivative of s(w). Let j = -434 - -436. Give k(j).
0
Suppose 48 = -9*z + 3. Let u(o) = -o**2 - 8*o + 4. Calculate u(z).
19
Suppose -40 = 15*c - 10*c. Let o(l) = l - 2. Determine o(c).
-10
Let k(o) be the third derivative of o**6/120 + o**5/20 - o**4/6 - 2*o**3/3 + o**2. Suppose 54*y - 19*y = 23*y - 36. Determine k(y).
8
Let m be 19/5 + (-3)/(-15). Suppose 0 = -3*b - 2*b, -w + m*b - 5 = 0. Let i(a) = a**3 + 5*a**2 + 3*a - 6. What is i(w)?
-21
Let i(w) be the first derivative of -w**2 - 3*w + 1811. Let l be (-2)/5 - 44/(-10). Calculate i(l).
-11
Let n = 662 + -664. Let r(h) = -3*h**3 + 2*h**2 + 4*h + 2. Give r(n).
26
Let s(o) be the first derivative of o**5/20 + o**4/6 - 2*o**3/3 - 3*o**2/2 + 3*o - 18. Let v(k) be the first derivative of s(k). Calculate v(-3).
0
Suppose w - 2*n + 4 + 7 = 0, -5*n + 22 = 3*w. Suppose 0*a = a - 5, b + a - 16 = 0. Let f(c) = -3*c - 7*c**3 - b*c**3 + 4*c + 12*c**3. Give f(w).
5
Let x(h) = 12*h**2 - 6 - 9*h + 13*h**2 + 8*h**2 - 32*h**2. Suppose -l + 11 = 2. Determine x(l).
-6
Suppose -3*z + 8 = -1. Suppose -4*c + z = -c. Let x(s) = 1 - 513*s - s**2 + 513*s - 11*s**3 - s**2. Determine x(c).
-12
Let n(i) = 16*i**2 + 2*i + 1. Let d be n(-1). Let f(u) = -2*u + d - 29 + 14. Determine f(-2).
4
Suppose 4*g + n = 6, -g - 4*n + 1 = 7. Let u(m) = 6*m - 5. Determine u(g).
7
Let m(c) = -c**3 - 9*c**2 - 6*c + 17. Let b be m(-8). Let i be b/(3*(-5)/30). Let j(g) = -g**2 - 3*g - 2. Calculate j(i).
0
Let j(n) be the second derivative of -13*n**7/840 - n**6/360 + n**4/24 - 11*n**3/3 + 20*n. Let c(t) be the second derivative of j(t). Calculate c(-1).
13
Suppose -5*r - r + 90 = 0. Let h be 20/(r/3) - -4. Suppose 0 = 9*y - h*y - 6. Let v(l) = -l**3 + 6*l**2 - 2*l + 2. Give v(y).
-10
Suppose g - s = -4, -3*g + 0*g + s - 8 = 0. Let m be g*4/(-1 - 3). Let k(w) = -3*w**2 + w + 2. What is k(m)?
-8
Let w(f) be the third derivative of 0*f**3 - 1/6*f**4 + f**2 + 0 - 1/60*f**5 + 0*f. Suppose 12*q = 65*q + 159. Calculate w(q).
3
Let f = 23 - -1. Suppose 2*i + 77 = 5*t, -5*i - 26 = -3*t + f. Let a(k) = t - k - 8 - 2 - 8. Calculate a(-7).
4
Let x(m) be the first derivative of -m**3/6 - m**2/2 + 6*m + 6. Let l(b) be the first derivative of x(b). Give l(2).
-3
Let v(p) = -5*p + 13. Let d(k) = 6*k - 21. Let l(u) = -4*d(u) - 5*v(u). What is l(-15)?
4
Let v be 1 - (1 + 0 + -1). Let u(z) = -v - 3*z + 2*z**3 + 13*z**2 - 8*z**2 - 3*z**3. Suppose -4*o + 12 = -4. Give u(o).
3
Let x(b) = 3*b**3 + 8*b**2 - 27*b - 1. Let f(p) = 7*p**3 + 16*p**2 - 58*p - 1. Let k(c) = -2*f(c) + 5*x(c). What is k(-10)?
-13
Let p(a) be the third derivative of -5*a**4/24 + 57*a**2. What is p(4)?
-20
Let b(n) = 2*n**2 - 8*n - 5. Let p be b(5). Let g = -7 + 11. Let h(q) = -g*q + 7*q**2 + 6 + 4*q - p. Determine h(-1).
8
Let n(k) = -7*k + 10. Let c(t) = -t**2 - 8*t - 9. Let s be c(-6). Determine n(s).
-11
Let d = -15 + 7. Let f(p) = -13*p**3 - 3*p**2 + 4*p - 3. Let h(j) = -28*j**3 - 5*j**2 + 10*j - 7. Let q(u) = 13*f(u) - 6*h(u). Determine q(d).
3
Let d(b) = 7*b + 1 + 0*b - 2*b - 6*b. Let p(h) = -2*h**2 + 3*h - 4. Let j(v) = -4*d(v) - p(v). Suppose i = -i - 2. What is j(i)?
1
Let k(d) = d - 1. Let h be k(6). Let a = -15 + 9. Let c = h + a. Let m(n) = 7*n**3 + 2*n**2 + n. What is m(c)?
-6
Let r(d) be the first derivative of -4*d**3/3 + 5*d**2/2 - 2*d + 52. Determine r(3).
-23
Let g(o) = 1 + 2*o - 13*o**2 - 21*o**2 + 33*o**2 + 2. Give g(4).
-5
Let y(z) = -z**3 + 11*z**2 + z - 9. Let s = -147 + 158. What is y(s)?
2
Suppose 20*y - 45 = 5*y. Let i(u) = 3*u**2 + 2*u - 9*u**2 + 5*u + u**y - 1. What is i(5)?
9
Let k(j) = 40*j + 46*j - 29 - 132*j + 44*j. What is k(-18)?
7
Let f(x) be the first derivative of x**4/4 - 7*x**3/3 + 5*x**2/2 + 7*x - 1. Suppose 25 = 5*v, t + 265 = 3*v + 256. Determine f(t).
1
Suppose 17*p - 34 = -0*p. Let a(u) = -u**3 + 2*u**2 - u + 1. Determine a(p).
-1
Suppose 0*a = -a + 5*h + 7, -4*h = 3*a - 2. Suppose -t = -5*j - a, -2*j + 16 = 2*t - 0*j. Let q(l) = -l + 13 + 4*l - t. Give q(-5).
-9
Let n = 10 - 16. Let j be (8/n)/((-6)/27). Let g(c) = 6 - c - 3 - 5. What is g(j)?
-8
Let p(o) = -o**2. Let n(t) = -t**2 - 4*t - 5. Let c(h) = -n(h) + 2*p(h). Let y = 35 + -30. What is c(y)?
0
Let o(d) = -d**2 + 5. Let a(x) = 3*x + 1. Let t be a(-1). Let g be 24/(-16)*(28/6 + t). Determine o(g).
-11
Let w(b) = -b**3 + 15. Let k(u) = -u**3 + 6*u**2 - 7*u + 10. Let i be k(5). Determine w(i).
15
Let r = 44 + -41. Let c be r/(7 - 4) - 1. Let m(b) = b**3 - 8. What is m(c)?
-8
Let o(h) = h**2 - 7. Let n be o(-3). Let x(s) be the third derivative of 0*s + 5/24*s**4 + 0 + 1/6*s**3 + s**n. What is x(1)?
6
Let t(s) = -s**2 + 8*s + 2 + 0 + 2 - 6. Suppose 2*j - 3 = -q + 14, q - 1 = 0. What is t(j)?
-2
Let f(q) = -2*q + 18 - 1 + 3*q**2 + 0*q - 2*q**2. Give f(0).
17
Let u(w) = -21*w + 364. Let o be u(17). Let r(b) = -b**3 + 7*b**2 - 2*b + 11. Determine r(o).
-3
Let h = 1757 + -1754. Let f(i) = -i**3 + i**2 + 6*i - 2. Determine f(h).
-2
Let j(k) be the second derivative of k**6/360 - k**5/24 + 5*k**4/24 - k**3 - 9*k. Let g(s) be the second derivative of j(s). What is g(4)?
1
Let b(f) = -1 + 28*f - 14*f + 3 - 8*f - 4*f. Let c(g) = 4*g**2 - g + 1. Let r be c(1). Suppose 0 = m + 3*t - 2, -4*t = -m - r - 8. Determine b(m).
-6
Let l(n) = n**3 + 9*n**2 + n - 9. Let q be (12 + -21)/(2 + -1). Calculate l(q).
-18
Let i(j) = -3*j**2 - 2*j + 3. Let g(v) = -v**2 + 23*v - 118. Let o be g(15). Determine i(o).
-13
Let y(q) = q**2 + q + 1. Let z(p) = -5*p**2 - 10*p - 3. Let c(f) = 6*y(f) + z(f). Determine c(4).
3
Let u(h) = 1. Let c(z) be the second derivative of -z**3/6 + z**2 - 18*z. Let j(i) = -5*c(i) + 6*u(i). Give j(3).
11
Let g(f) be the third derivative of 4/3*f**3 - 13*f**2 - 1/120*f**6 + 0 + 0*f**5 - 1/24*f**4 + 0*f. What is g(0)?
8
Let v(x) = 7*x + 3. Suppose -77 = d + 3*p, 79 = -2*d - 2*p - 71. Let n = -53 - d. Let b be (-45)/n + (-1)/(-7). Calculate v(b).
-11
Let a(o) = -782*o - 1 + 786*o + 0 - 2. Determine a(-2).
-11
Suppose -6*y + 2*y = 0. Suppose y = -0*u + 4*u + p - 8, -3*u + 5 = p. Let l(x) = -x**3 + 2 + 4*x**u - 4*x**3 - x**2 - 2*x - 4*x**2. Determine l(-2).
-6
Let p(i) = i + 3. Let w(s) = 1. Let y(x) = p(x) + 6*w(x). Suppose -8*a + 24 = -11*a. Determine y(a).
1
Let a(s) be the second de